{"id":1093840000007672,"date":"2025-05-30T11:35:32","date_gmt":"2025-05-30T09:35:32","guid":{"rendered":"https:\/\/monjesbudistas.org\/product\/programme-apprendre-a-mediter-annee-1-septembre-2025-groupe-en-presentiel\/"},"modified":"2025-05-30T11:35:32","modified_gmt":"2025-05-30T09:35:32","slug":"programme-apprendre-a-mediter-annee-1-septembre-2025-groupe-en-presentiel","status":"publish","type":"product","link":"https:\/\/monjesbudistas.org\/fr\/produit\/programme-apprendre-a-mediter-annee-1-septembre-2025-groupe-en-presentiel\/","title":{"rendered":"Programme Apprendre \u00e0 m\u00e9diter &#8211; Ann\u00e9e 1 (Septembre 2025) | Groupe en pr\u00e9sentiel"},"content":{"rendered":"<h4>MODALIT\u00c9 GROUPE D&#8217;\u00c9TUDE ET DE PRATIQUE EN PR\u00c9SENTIEL<\/h4>\n<p>\u00c9dition Septembre 2025 &#8211; Juin 2026<\/p>\n<p>&nbsp;<\/p>\n<p>Cette inscription correspond \u00e0 l&#8217;ann\u00e9e de formation de septembre 2025 \u00e0 juin 2026.<\/p>\n<p>L&#8217;inscription en modalit\u00e9 groupe d&#8217;\u00e9tude et de pratique comprend les sessions de formation d&#8217;une journ\u00e9e compl\u00e8te, les exercices de r\u00e9flexion individuelle et de Groupe d&#8217;\u00c9tude et de Pratique, ainsi que les r\u00e9unions de groupe et la r\u00e9union de r\u00e9solution des doutes.<\/p>\n<p>Vous aurez acc\u00e8s \u00e0 la salle de classe virtuelle qui vous permet d&#8217;acc\u00e9der aux enregistrements de ces sessions pendant la dur\u00e9e de la formation.<\/p>\n","protected":false},"excerpt":{"rendered":"<p>MODALIT\u00c9 GROUPE D&#8217;\u00c9TUDE ET DE PRATIQUE EN PR\u00c9SENTIEL \u00c9dition Septembre 2025 &#8211; Juin 2026 &nbsp; Cette inscription correspond \u00e0 l&#8217;ann\u00e9e de formation de septembre 2025 \u00e0 juin 2026. L&#8217;inscription en modalit\u00e9 groupe d&#8217;\u00e9tude et de pratique comprend les sessions de formation d&#8217;une journ\u00e9e compl\u00e8te, les exercices de r\u00e9flexion individuelle et de Groupe d&#8217;\u00c9tude et de [&hellip;]<\/p>\n","protected":false},"featured_media":1093840000004244,"template":"","meta":{"give_campaign_id":0},"product_brand":[],"product_cat":[138],"product_tag":[],"class_list":{"0":"post-1093840000007672","1":"product","2":"type-product","3":"status-publish","4":"has-post-thumbnail","6":"product_cat-cycles-de-formation","8":"first","9":"instock","10":"taxable","11":"shipping-taxable","12":"purchasable","13":"product-type-variable"},"_links":{"self":[{"href":"https:\/\/monjesbudistas.org\/fr\/wp-json\/wp\/v2\/product\/1093840000007672","targetHints":{"allow":["GET"]}}],"collection":[{"href":"https:\/\/monjesbudistas.org\/fr\/wp-json\/wp\/v2\/product"}],"about":[{"href":"https:\/\/monjesbudistas.org\/fr\/wp-json\/wp\/v2\/types\/product"}],"wp:featuredmedia":[{"embeddable":true,"href":"https:\/\/monjesbudistas.org\/fr\/wp-json\/wp\/v2\/media\/1093840000004244"}],"wp:attachment":[{"href":"https:\/\/monjesbudistas.org\/fr\/wp-json\/wp\/v2\/media?parent=1093840000007672"}],"wp:term":[{"taxonomy":"product_brand","embeddable":true,"href":"https:\/\/monjesbudistas.org\/fr\/wp-json\/wp\/v2\/product_brand?post=1093840000007672"},{"taxonomy":"product_cat","embeddable":true,"href":"https:\/\/monjesbudistas.org\/fr\/wp-json\/wp\/v2\/product_cat?post=1093840000007672"},{"taxonomy":"product_tag","embeddable":true,"href":"https:\/\/monjesbudistas.org\/fr\/wp-json\/wp\/v2\/product_tag?post=1093840000007672"}],"curies":[{"name":"wp","href":"https:\/\/api.w.org\/{rel}","templated":true}]}}

Programme Apprendre à méditer &#8211; Année 1 (Septembre 2025) | Groupe en présentiel

<h4>MODALITÉ GROUPE D&#8217;ÉTUDE ET DE PRATIQUE EN PRÉSENTIEL</h4>
<p>Édition Septembre 2025 &#8211; Juin 2026</p>
<p>&nbsp;</p>
<p>Cette inscription correspond à l&#8217;année de formation de septembre 2025 à juin 2026.</p>
<p>L&#8217;inscription en modalité groupe d&#8217;étude et de pratique comprend les sessions de formation d&#8217;une journée complète, les exercices de réflexion individuelle et de Groupe d&#8217;Étude et de Pratique, ainsi que les réunions de groupe et la réunion de résolution des doutes.</p>
<p>Vous aurez accès à la salle de classe virtuelle qui vous permet d&#8217;accéder aux enregistrements de ces sessions pendant la durée de la formation.</p>

<p>MODALITÉ GROUPE D&#8217;ÉTUDE ET DE PRATIQUE EN PRÉSENTIEL Édition Septembre 2025 &#8211; Juin 2026 &nbsp; Cette inscription correspond à l&#8217;année de formation de septembre 2025 à juin 2026. L&#8217;inscription en modalité groupe d&#8217;étude et de pratique comprend les sessions de formation d&#8217;une journée complète, les exercices de réflexion individuelle et de Groupe d&#8217;Étude et de [&hellip;]</p>
