{"id":1093840000005692,"date":"2024-05-27T10:30:38","date_gmt":"2024-05-27T08:30:38","guid":{"rendered":"https:\/\/monjesbudistas.org\/product\/salle-de-meditation-pack-menu-gastronomique\/"},"modified":"2025-07-31T16:28:00","modified_gmt":"2025-07-31T14:28:00","slug":"salle-de-meditation-pack-menu-gastronomique","status":"publish","type":"product","link":"https:\/\/monjesbudistas.org\/fr\/produit\/salle-de-meditation-pack-menu-gastronomique\/","title":{"rendered":"Pack Salle de m\u00e9ditation + Menu gastronomique"},"content":{"rendered":"<p><strong><b>Salle d&#8217;introduction \u00e0 la m\u00e9ditation et Menu gastronomique<\/b><br \/>\n<\/strong><\/p>\n<p>Dans la Salle d&#8217;introduction \u00e0 la m\u00e9ditation bouddhiste, vous d\u00e9couvrirez les bienfaits de celle-ci et vous vous initierez \u00e0 sa pratique formelle bas\u00e9e sur l&#8217;attention \u00e0 la respiration. Vous compl\u00e9terez l&#8217;exp\u00e9rience en d\u00e9gustant le menu traditionnel de la Colonia Agr\u00edcola dans un cadre privil\u00e9gi\u00e9&nbsp;: les terrasses du \u00ab pati del safareig gaudini\u00e0 \u00bb. <\/p>\n<p><em>Prix exclusif en r\u00e9servant via le web<\/em><\/p>\n<p><i>* Si vous souhaitez r\u00e9server pour plus de 8 personnes ou le jour m\u00eame de la visite, veuillez contacter notre \u00e9quipe <a href=\"https:\/\/monjesbudistas.org\/contacto\/?_gl=1*1aec174*_up*MQ..*_ga*MTcwMTUzMTA1MC4xNzQ3OTg4NzMy*_ga_RFEPQG69EG*czE3NDc5ODg3MzEkbzEkZzEkdDE3NDc5ODkxNDQkajAkbDAkaDAkZFlBd3Y2RTBFQ0trVXd5ZEpMa1ZpSW1EM3lESVJvQ2hUalE.\">ici<\/a><\/i><\/p>\n","protected":false},"excerpt":{"rendered":"<p class=\"p1\"><i>Horaires&nbsp;:<\/i><\/p>\n<p class=\"p1\"><b><i>12h <\/i><\/b><i>&#8211; Salle d&#8217;introduction \u00e0 la m\u00e9ditation bouddhiste \u00e0 12h + D\u00e9jeuner 14h10<\/i><\/p>\n<p><em>L&#8217;heure du d\u00e9jeuner est indicative et peut \u00eatre sujette \u00e0 de l\u00e9g\u00e8res variations.<\/em><\/p>\n","protected":false},"featured_media":1093840000005015,"template":"","meta":{"give_campaign_id":0},"product_brand":[],"product_cat":[141],"product_tag":[142],"class_list":{"0":"post-1093840000005692","1":"product","2":"type-product","3":"status-publish","4":"has-post-thumbnail","6":"product_cat-paquets","7":"product_tag-paquets","9":"first","10":"instock","11":"virtual","12":"sold-individually","13":"taxable","14":"purchasable","15":"product-type-booking"},"_links":{"self":[{"href":"https:\/\/monjesbudistas.org\/fr\/wp-json\/wp\/v2\/product\/1093840000005692","targetHints":{"allow":["GET"]}}],"collection":[{"href":"https:\/\/monjesbudistas.org\/fr\/wp-json\/wp\/v2\/product"}],"about":[{"href":"https:\/\/monjesbudistas.org\/fr\/wp-json\/wp\/v2\/types\/product"}],"wp:featuredmedia":[{"embeddable":true,"href":"https:\/\/monjesbudistas.org\/fr\/wp-json\/wp\/v2\/media\/1093840000005015"}],"wp:attachment":[{"href":"https:\/\/monjesbudistas.org\/fr\/wp-json\/wp\/v2\/media?parent=1093840000005692"}],"wp:term":[{"taxonomy":"product_brand","embeddable":true,"href":"https:\/\/monjesbudistas.org\/fr\/wp-json\/wp\/v2\/product_brand?post=1093840000005692"},{"taxonomy":"product_cat","embeddable":true,"href":"https:\/\/monjesbudistas.org\/fr\/wp-json\/wp\/v2\/product_cat?post=1093840000005692"},{"taxonomy":"product_tag","embeddable":true,"href":"https:\/\/monjesbudistas.org\/fr\/wp-json\/wp\/v2\/product_tag?post=1093840000005692"}],"curies":[{"name":"wp","href":"https:\/\/api.w.org\/{rel}","templated":true}]}}

Pack Salle de méditation + Menu gastronomique

<p><strong><b>Salle d&#8217;introduction à la méditation et Menu gastronomique</b><br />
</strong></p>
<p>Dans la Salle d&#8217;introduction à la méditation bouddhiste, vous découvrirez les bienfaits de celle-ci et vous vous initierez à sa pratique formelle basée sur l&#8217;attention à la respiration. Vous compléterez l&#8217;expérience en dégustant le menu traditionnel de la Colonia Agrícola dans un cadre privilégié&nbsp;: les terrasses du « pati del safareig gaudinià ». </p>
<p><em>Prix exclusif en réservant via le web</em></p>
<p><i>* Si vous souhaitez réserver pour plus de 8 personnes ou le jour même de la visite, veuillez contacter notre équipe <a href="https://monjesbudistas.org/contacto/?_gl=1*1aec174*_up*MQ..*_ga*MTcwMTUzMTA1MC4xNzQ3OTg4NzMy*_ga_RFEPQG69EG*czE3NDc5ODg3MzEkbzEkZzEkdDE3NDc5ODkxNDQkajAkbDAkaDAkZFlBd3Y2RTBFQ0trVXd5ZEpMa1ZpSW1EM3lESVJvQ2hUalE.">ici</a></i></p>

<p class="p1"><i>Horaires&nbsp;:</i></p>
<p class="p1"><b><i>12h </i></b><i>&#8211; Salle d&#8217;introduction à la méditation bouddhiste à 12h + Déjeuner 14h10</i></p>
<p><em>L&#8217;heure du déjeuner est indicative et peut être sujette à de légères variations.</em></p>
