{"id":1093840000005685,"date":"2024-05-27T14:55:39","date_gmt":"2024-05-27T14:55:39","guid":{"rendered":"https:\/\/monjesbudistas.org\/product\/retraite-pour-la-paix-interieure\/"},"modified":"2025-09-03T15:47:49","modified_gmt":"2025-09-03T13:47:49","slug":"retraite-pour-la-paix-interieure","status":"publish","type":"product","link":"https:\/\/monjesbudistas.org\/fr\/produit\/retraite-pour-la-paix-interieure\/","title":{"rendered":"Retraite pour la paix int\u00e9rieure"},"content":{"rendered":"<p>Un week-end de tranquillit\u00e9, d&#8217;apprentissage et de r\u00e9flexion dans un environnement privil\u00e9gi\u00e9. Une retraite bas\u00e9e sur la philosophie bouddhiste et occidentale, qui vous permettra d&#8217;acc\u00e9der \u00e0 des outils pour former votre esprit et d\u00e9velopper la paix int\u00e9rieure. <\/p>\n<p>&nbsp;<\/p>\n<p><strong><span class=\"WdYUQQ text-decoration-none text-strikethrough-none\">Nous vous offrons la possibilit\u00e9 de consacrer trois jours et deux nuits \u00e0 une exp\u00e9rience d&#8217;apprentissage inspir\u00e9e par une philosophie de vie qui illumine la vie et le c\u0153ur d&#8217;innombrables \u00eatres depuis 2600 ans.<\/span><\/strong><\/p>\n","protected":false},"excerpt":{"rendered":"<p>Un week-end de tranquillit\u00e9, d&#8217;apprentissage et de r\u00e9flexion dans un environnement privil\u00e9gi\u00e9. Une retraite bas\u00e9e sur la philosophie bouddhiste et occidentale, qui vous permettra d&#8217;acc\u00e9der \u00e0 des outils pour former votre esprit et d\u00e9velopper la paix int\u00e9rieure. &nbsp; Nous vous offrons la possibilit\u00e9 de consacrer trois jours et deux nuits \u00e0 une exp\u00e9rience d&#8217;apprentissage inspir\u00e9e [&hellip;]<\/p>\n","protected":false},"featured_media":1093840000005009,"template":"","meta":{"give_campaign_id":0},"product_brand":[],"product_cat":[139],"product_tag":[140],"class_list":{"0":"post-1093840000005685","1":"product","2":"type-product","3":"status-publish","4":"has-post-thumbnail","6":"product_cat-activites-dans-le-monastere","7":"product_tag-visites","9":"first","10":"instock","11":"virtual","12":"sold-individually","13":"taxable","14":"purchasable","15":"product-type-booking"},"_links":{"self":[{"href":"https:\/\/monjesbudistas.org\/fr\/wp-json\/wp\/v2\/product\/1093840000005685","targetHints":{"allow":["GET"]}}],"collection":[{"href":"https:\/\/monjesbudistas.org\/fr\/wp-json\/wp\/v2\/product"}],"about":[{"href":"https:\/\/monjesbudistas.org\/fr\/wp-json\/wp\/v2\/types\/product"}],"wp:featuredmedia":[{"embeddable":true,"href":"https:\/\/monjesbudistas.org\/fr\/wp-json\/wp\/v2\/media\/1093840000005009"}],"wp:attachment":[{"href":"https:\/\/monjesbudistas.org\/fr\/wp-json\/wp\/v2\/media?parent=1093840000005685"}],"wp:term":[{"taxonomy":"product_brand","embeddable":true,"href":"https:\/\/monjesbudistas.org\/fr\/wp-json\/wp\/v2\/product_brand?post=1093840000005685"},{"taxonomy":"product_cat","embeddable":true,"href":"https:\/\/monjesbudistas.org\/fr\/wp-json\/wp\/v2\/product_cat?post=1093840000005685"},{"taxonomy":"product_tag","embeddable":true,"href":"https:\/\/monjesbudistas.org\/fr\/wp-json\/wp\/v2\/product_tag?post=1093840000005685"}],"curies":[{"name":"wp","href":"https:\/\/api.w.org\/{rel}","templated":true}]}}

Retraite pour la paix intérieure

<p>Un week-end de tranquillité, d&#8217;apprentissage et de réflexion dans un environnement privilégié. Une retraite basée sur la philosophie bouddhiste et occidentale, qui vous permettra d&#8217;accéder à des outils pour former votre esprit et développer la paix intérieure. </p>
<p>&nbsp;</p>
<p><strong><span class="WdYUQQ text-decoration-none text-strikethrough-none">Nous vous offrons la possibilité de consacrer trois jours et deux nuits à une expérience d&#8217;apprentissage inspirée par une philosophie de vie qui illumine la vie et le cœur d&#8217;innombrables êtres depuis 2600 ans.</span></strong></p>

<p>Un week-end de tranquillité, d&#8217;apprentissage et de réflexion dans un environnement privilégié. Une retraite basée sur la philosophie bouddhiste et occidentale, qui vous permettra d&#8217;accéder à des outils pour former votre esprit et développer la paix intérieure. &nbsp; Nous vous offrons la possibilité de consacrer trois jours et deux nuits à une expérience d&#8217;apprentissage inspirée [&hellip;]</p>
